True
Is 7783303 a composite number?
True
Is 3172391 prime?
True
Is 555461 a composite number?
False
Is 56071051 a composite number?
False
Is 20486782 a prime number?
False
Is 48011771 a prime number?
True
Is 42869471 composite?
False
Is 2165707 a composite number?
False
Is 22985167 composite?
True
Is 21957853 prime?
False
Is 27604177 a prime number?
True
Is 768751 a prime number?
True
Is 3620723 prime?
True
Is 2050435 prime?
False
Is 97987543 composite?
True
Is 11041417 a prime number?
True
Is 34542059 prime?
False
Is 254511955 a composite number?
True
Is 2879077 prime?
False
Is 363245683 prime?
True
Is 1165711 a prime number?
True
Is 5935913 prime?
True
Is 633131 a prime number?
False
Is 1867845115 a composite number?
True
Is 3373499 composite?
False
Is 7083887 a prime number?
False
Is 2059879 a prime number?
True
Is 34667657 prime?
True
Is 23914109 prime?
False
Is 21926587 a prime number?
False
Is 454615027 prime?
True
Is 5194093 prime?
True
Is 12082211 composite?
False
Is 387017009 a prime number?
True
Is 2482037 prime?
False
Is 1837349 prime?
True
Is 154374797 composite?
False
Is 30608351 a composite number?
True
Is 184151 prime?
False
Is 3187201 composite?
False
Is 950219 composite?
True
Is 25319111 a composite number?
False
Is 90870577 composite?
True
Is 39251 a composite number?
False
Is 1248638 a composite number?
True
Is 103719394 a prime number?
False
Is 2283223 a composite number?
True
Is 12482471 prime?
False
Is 73009 composite?
False
Is 14650433 prime?
False
Is 330293839 a composite number?
True
Is 66403 composite?
False
Is 4941929 a composite number?
False
Is 50801 composite?
True
Is 12938461 a prime number?
True
Is 190607 prime?
True
Is 313083257 a composite number?
True
Is 5131121 prime?
False
Is 1245283 prime?
False
Is 50563753 composite?
True
Is 5968367 a composite number?
False
Is 238827899 composite?
False
Is 420709429 a composite number?
True
Is 33142181 a prime number?
True
Is 92498681 a composite number?
True
Is 194301433 a composite number?
False
Is 6572537 composite?
True
Is 74349745 a composite number?
True
Is 578381 a composite number?
True
Is 24863711 composite?
False
Is 54467599 prime?
True
Is 5039609 prime?
False
Is 254761327 a prime number?
True
Is 7976473 composite?
True
Is 3245659 composite?
False
Is 5439721 composite?
True
Is 2440297 a prime number?
True
Is 19288337 a composite number?
True
Is 675791603 a composite number?
False
Is 9490753 prime?
False
Is 37427627 a composite number?
False
Is 3149639 a prime number?
True
Is 5485477 composite?
True
Is 52308851 composite?
True
Is 19385747 a composite number?
False
Is 4794981 composite?
True
Is 236533 a composite number?
True
Is 1044269 a composite number?
True
Is 465067399 a prime number?
True
Is 2301683 a prime number?
True
Is 5290309 composite?
False
Is 1846246 a composite number?
True
Is 373307 a composite number?
True
Is 590961821 composite?
False
Is 93888121 composite?
False
Is 318312593 a prime number?
False
Is 1280267 a prime number?
True
Is 1274327 prime?
False
Is 18777379 composite?
False
Is 5402065 prime?
False
Is 453527 composite?
False
Is 27525781 a prime number?
True
Is 2132027 composite?
False
Is 29729657 prime?
True
Is 1157683 composite?
True
Is 124108219 a composite number?
True
Is 11286529 a composite number?
True
Is 111541439 prime?
True
Is 91265711 prime?
True
Is 126656843 a composite number?
True
Is 3935879 composite?
False
Is 1968449 a composite number?
True
Is 147373 prime?
False
Is 2801521 a composite number?
True
Is 2570863 prime?
False
Is 2662651 a composite number?
False
Is 251209111 a composite number?
False
Is 6389519 a prime number?
True
Is 5100026 a composite number?
True
Is 760691 a composite number?
True
Is 1148005 prime?
False
Is 1131241 composite?
True
Is 146230307 prime?
True
Is 26262893 a composite number?
True
Is 356134 composite?
True
Is 1829661077 composite?
False
Is 68933621 composite?
False
Is 89867 composite?
False
Is 1937407 a composite number?
True
Is 19960153 composite?
True
Is 223835189 composite?
True
Is 74719507 a prime number?
False
Is 48214637 composite?
False
Is 33071377 a prime number?
False
Is 117243379 prime?
False
Is 76053949 prime?
True
Is 23128793 a prime number?
True
Is 10964851 prime?
True
Is 94022083 a composite number?
True
Is 7458677 a composite number?
True
Is 10748713 prime?
True
Is 7910909 composite?
True
Is 2619469 a prime number?
False
Is 1155085469 composite?
False
Is 275028407 composite?
False
Is 2137717 a composite number?
False
Is 23929831 a prime number?
True
Is 273233 a prime number?
True
Is 126215723 a composite number?
False
Is 73045781 a prime number?
True
Is 584761 prime?
False
Is 236597 prime?
False
Is 93755897 prime?
False
Is 1895657 prime?
True
Is 1757897 prime?
True
Is 333102463 a composite number?
True
Is 37520843 a composite number?
True
Is 131649493 a prime number?
False
Is 28341233 prime?
True
Is 1597289 prime?
True
Is 2866417 a prime number?
True
Is 7331197 composite?
True
Is 143047031 a prime number?
True
Is 549328529 a prime number?
False
Is 3590513 composite?
True
Is 1623581 composite?
True
Is 8500549 composite?
False
Is 6003379 a prime number?
True
Is 260329 a composite number?
False
Is 4174759 a composite number?
False
Is 43523 a prime number?
False
Is 240677 a composite number?
False
Is 427416397 a prime number?
False
Is 64153031 a prime number?
True
Is 952057 prime?
True
Is 21472634 composite?
True
Is 227442821 a prime number?
True
Is 43237889 a composite number?
False
Is 56586779 prime?
True
Is 46079281 a prime number?
False
Is 3295939 composite?
False
Is 7298867 a prime number?
True
Is 13751 a prime number?
True
Is 880051 composite?
True
Is 363767159 prime?
False
Is 167329 prime?
True
Is 8496359 a composite number?
False
Is 161895841 prime?
True
Is 18951283 prime?
False
Is 338654861 a composite number?
False
Is 55113413 a prime number?
True
Is 11488837 a prime number?
True
Is 118728161 composite?
False
Is 124861 composite?
True
Is 2352899 composite?
False
Is 24364651 prime?
True
Is 8920391 composite?
False
Is 129794143 composite?
False
Is 52468721 a prime number?
True
Is 977747 prime?
True
Is 1840429 a prime number?
True
Is 122916779 prime?
True
Is 34734121 prime?
False
Is 21124921 prime?
False
Is 805151 prime?
False
Is 462827 prime?
True
Is 7074161 a composite number?
True
Is 1059791 a composite number?
True
Is 1229761 composite?
True
Is 7662119 a composite number?
True
Is 102427205 a composite number?
True
Is 343639 a composite number?
False
Is 21130099 prime?
False
Is 13847047 a composite number?
True
Is 19049743 composite?
True
Is 744797 a composite number?
True
Is 179603 a composite number?
False
Is 485663 a composite number?
True
Is 667209 composite?
True
Is 51049211 a prime number?
True
Is 185322877 a composite number?
False
Is 3317689 composite?
False
Is 1029689 composite?
False
Is 4605383 a prime number?
True
Is 37950887 a composite number?
True
Is 72533 composite?
False
Is 138295387 a prime number?
False
Is 69350251 prime?
True
Is 166665479 composite?
False
Is 16137593 a composite number?
True
Is 5218063 composite?
True
Is 7877839 prime?
True
Is 14068573 composite?
True
Is 118143173 prime?
True
Is 5611699 a prime number?
True
Is 4869853 a prime number?
True
Is 5375239 composite?
True
Is 7924613 a prime number?
False
Is 10737847 a composite number?
False
Is 89773367 a prime number?
False
Is 451139261 composite?
True
Is 90905 composite?
True
Is 131431343 composite?
False
Is 247892371 prime?
True
Is 173021 prime?
True
Is 50544311 a prime number?
True
Is 2306027 a composite number?
False
Is 1617989 prime?
True
Is 5781163 a prime number?
False
Is 35109478 composite?
True
Is 627701 a composite number?
True
Is 5701699 composite?
True
Is 1537337 composite?
False
Is 10235033 a composite number?
False
Is 230940397 composite?
False
Is 243454342 a composite number?
True
Is 22319833 prime?
True
Is 34915253 composite?
False
Is 756541 composite?
False
Is 961139921 a composite number?
True
Is 5291513 a composite number?
True
Is 4891961 a prime number?
True
Is 2634599 a composite number?
True
Is 19779397 prime?
False
Is 149347381 prime?
True
Is 1707845 a prime number?
False
Is 52974197 a composite number?
True
Is 926099 prime?
True
Is 74046691 composite?
False
Is 2078051